 prime factors of v?
3, 7
Suppose -3*i + 646 = -902. What are the prime factors of i?
2, 3, 43
Let p be (6/(-9))/(-1 - (-5)/3). What are the prime factors of 4/p*213/(-6)?
2, 71
Let p be (-3)/(-54)*6*6. Suppose 4*j - 68 = p*j. What are the prime factors of j?
2, 17
Let n(k) = 62*k + 101. What are the prime factors of n(17)?
3, 5, 7, 11
Let q(y) = -y**3 + 13*y**2 + 3*y - 9. List the prime factors of q(9).
2, 3, 19
Suppose 0*j = -3*j - 12. Let x be (j/(-6))/((-2)/(-9)). List the prime factors of -2 + 0 - (-39 + x).
2, 17
Let u = 1400 + -898. What are the prime factors of u?
2, 251
Let a = 3 - -1. Suppose -5*x = -0*x + 3*y - a, 6 = 4*x + y. Suppose -4*d - 20 = -h - x*d, 5*h + 4*d - 86 = 0. What are the prime factors of h?
2, 3
Suppose 0 = -14*s + 3741 - 409. What are the prime factors of s?
2, 7, 17
Suppose 0 = -5*n - 6*t + 4*t + 944, 0 = 5*n + 5*t - 935. Let x = -124 + n. List the prime factors of x.
2, 3, 11
Suppose -2*z + 30 = 84. Let l(f) = -27*f + 17. Let p be l(-2). Let q = p + z. List the prime factors of q.
2, 11
What are the prime factors of (8/12 + -1)*12 + 564?
2, 5, 7
Let j(s) = -50*s - 52. Let y(g) = -25*g - 26. Let t(x) = 3*j(x) - 7*y(x). List the prime factors of t(5).
151
Let w(p) = -2*p + 7. Let n be w(-14). Suppose -n = -2*j + 7. List the prime factors of j.
3, 7
Let o = 3765 - 2159. What are the prime factors of o?
2, 11, 73
Let d = -896 + 984. What are the prime factors of d?
2, 11
Suppose 6*n = n - 2*a + 16, n + a - 2 = 0. Suppose 6 = 5*c - n*f - 0, 4*c + f = -12. List the prime factors of (-152)/(-2 - 2) + c.
2, 3
Suppose 4*n - 8 = 0, -3*o + 6*n = 3*n + 18. Let h be ((-2)/(-6))/(o/(-60)). Suppose -h*v + 47 = -3. List the prime factors of v.
2, 5
Let o be (-88)/6*6/(-4)*1. Suppose -2*x + 0 = -o. What are the prime factors of x?
11
Let p = 0 - -44. Suppose -p*t = -40*t - 1188. List the prime factors of t.
3, 11
Let k be (32/6 + 0)*6. Let p = 40 - k. List the prime factors of p.
2
Suppose 5*h + 4*c + 1604 = 0, c - 957 = 3*h - 2*c. Let y be (-12)/2*h/(-12). List the prime factors of (2/(-4))/(5/y).
2
Suppose 71*c = 44*c + 3402. List the prime factors of c.
2, 3, 7
Let x = 4766 - 3135. Suppose 18*b + 317 = x. List the prime factors of b.
73
Let x(m) = -53*m + 221. List the prime factors of x(-11).
2, 3, 67
Suppose 2*t - 3096 = 3*i, 3*t + 4*i - 5299 + 621 = 0. List the prime factors of t.
2, 3, 7, 37
Suppose 10 = 4*x - 2*x. Suppose 0 = 3*t - x*a + 15, -3*t + 0*a - a = -3. Suppose t = 2*c + c - 63. List the prime factors of c.
3, 7
Let b = -15 - -14. Let o = 5 + b. Suppose o*f + 136 = 4*g, 3*f = -0*f + 12. List the prime factors of g.
2, 19
Let i = -130 - -134. Suppose -i*j = -3*j - 325. What are the prime factors of j?
5, 13
Suppose -3*v + 249 = -240. Let t = v - 110. What are the prime factors of t?
53
Let w(d) = d**2 + 8*d - 6. Let x be w(-9). Suppose -8*u - 114 = -r - x*u, 4*r - u = 361. What are the prime factors of r?
89
Let h be ((-14)/(-5))/(-1)*(-5)/2. Suppose -h*p + 521 = -851. What are the prime factors of p?
2, 7
Suppose 8*f - 3418 = 10126. What are the prime factors of f?
1693
Let d(z) = -21*z**2 - 4*z + 2. Let s be d(1). Let l = 25 + s. Suppose -7*h + 2*h + 86 = l*p, -4*h = 0. List the prime factors of p.
43
Suppose n + 57 = 4*k, -k = k + 4*n - 24. List the prime factors of 3 - ((-1368)/k + 2/(-7)).
101
What are the prime factors of (4 - 2)*123 + -3?
3
Let u = 196 + -82. List the prime factors of u.
2, 3, 19
Let z(f) = f**3 - 6*f**2 + 15*f - 47. List the prime factors of z(11).
3, 241
Suppose 4*y = -0*y - 5*w + 280, -3*w = 5*y - 363. List the prime factors of y.
3, 5
Suppose 0 = -3*y - 4*i + 6682, 10*i + 6717 = 3*y + 7*i. List the prime factors of y.
2, 1117
List the prime factors of (-10)/(-25) + 8478/30 + 2.
3, 5, 19
List the prime factors of 768320/420 + 4/6.
2, 3, 5, 61
Suppose -i + 0 = -2. Let m be (4/i)/((-16)/1880). What are the prime factors of 4/(-6) - m/15?
3, 5
Let p be 27 + -2 + 4 + -3. Suppose 2*z - 6 + 0 = 0. Suppose z*m = k - p, -2*k - m - 116 = -7*k. What are the prime factors of k?
23
Suppose 132062 - 10715 = 97*r. What are the prime factors of r?
3, 139
Let p = -150 + 92. Let i = 88 + p. What are the prime factors of i?
2, 3, 5
Let y(c) = -c**2 + 6*c + 5. Let h be y(6). Suppose u + 3*u + h*n - 7 = 0, -4*u + 4*n + 16 = 0. Suppose m + 40 = u*m. List the prime factors of m.
2, 5
Let z = 9604 + -6826. List the prime factors of z.
2, 3, 463
Let j be 3/(3/2) - (2 - -259). Let o = j + 387. List the prime factors of o.
2
Let f(k) = 46*k. Let y be f(8). Let v = y + -232. What are the prime factors of v?
2, 17
Suppose -5*w + 64 = -w. Suppose 0*z = -2*z - 5*n + w, -5*z = 2*n - 19. List the prime factors of 21 - (0 - (z + -1)).
23
Suppose p - 5*m + 38 - 6 = 0, 4*p + 94 = 3*m. Let j = -17 - p. List the prime factors of j.
5
Let j = -40 + 26. Let z(l) = l**3 + 14*l**2 + 12. List the prime factors of z(j).
2, 3
Let t = -522 + 829. List the prime factors of t.
307
Suppose 2*x + 16 = 4*u, -4*x - 18 = -u - 0. What are the prime factors of 41 + u + 2 + -3?
2, 3, 7
Suppose 8 = -2*x + 5*v, 4*x + 14 = 8*x + 5*v. Suppose -31 = -5*j + j + t, -5*t - x = 2*j. Suppose -2*s = -13 - j. What are the prime factors of s?
2, 5
Suppose 4*u - 2*l = 0, -5*u = 2*l - 6 - 3. Let b be 69 - ((-1)/u - -5). Suppose 3*n - 3*q - b = -2*n, -q = n - 13. List the prime factors of n.
13
Suppose -22*t = -23*t + 80. List the prime factors of (30/t)/((-3)/(-4))*398.
199
Suppose 3*p - 62 = -38. Suppose p*w = -0*w + 1368. What are the prime factors of w?
3, 19
Let q = 50 + -35. Suppose 14*i + 79 = q*i. List the prime factors of i.
79
Let p = 19 + -16. What are the prime factors of 24 + (p - 12/3)?
23
Let z(v) = -v**2 - 6*v + 4. Let u be z(-6). Suppose d = u*x - 9, 8*x - 3*d = 3*x + 20. List the prime factors of x + (8/(-4) - -19).
2, 3
Suppose -7*u + 3*u + 1817 = j, -5*j - 2*u + 9031 = 0. List the prime factors of j.
5, 19
Suppose -3*g = -x - 10, 2*g + 4*x = x + 3. Suppose -c + 75 = -3*h, 9*c - g*h = 4*c + 411. Let r = -50 + c. List the prime factors of r.
2, 17
Let u(b) = b**3 - b**2 - b - 1. Let z(k) = 47*k**3 + 4*k**2 + 2*k + 6. Let m(h) = 4*u(h) + z(h). What are the prime factors of m(1)?
3, 17
Suppose 3*v = -9 - 9. Let b(p) = p**2 + 6*p + 2. Let t be b(v). List the prime factors of -2 + -3*-7*t.
2, 5
Let o = -126 - -181. Let c = o - -39. List the prime factors of c.
2, 47
Suppose 5*w = 10*w - 175. Let o = w + -23. Suppose -2*r + 35 - o = -5*x, -5*r - 4*x = -107. List the prime factors of r.
19
Suppose -8*z + 127 + 521 = 0. Suppose -z = -5*s - 2*v, -s + 0*s - 5*v = -7. What are the prime factors of s?
17
Suppose 3*b - 4*x - 2004 = 0, 5*b = 5*x + 2830 + 515. List the prime factors of b.
2, 3, 7
Let r(p) = p**3 - p**2 - 5*p - 2. Let k be r(-3). Suppose -a + 0*a = -45. Let l = k + a. What are the prime factors of l?
2, 11
Let w(i) be the second derivative of i**6/180 - i**5/120 + i**4/2 - 2*i. Let c(k) be the third derivative of w(k). What are the prime factors of c(2)?
7
List the prime factors of (-4 + -310)*(-4 + 3).
2, 157
Suppose 9*n - 4*n - 15 = 0. Suppose -n*j = m + 26, m + m + 17 = -j. What are the prime factors of -84*(1 - (-13)/j)?
2, 3
Let x be (-9)/(-2)*2/(-1). Suppose 8*h + 259 - 75 = 0. Let l = x - h. List the prime factors of l.
2, 7
Let s(l) = -64 + 4*l + 24 + 8*l - 63. What are the prime factors of s(34)?
5, 61
Suppose 4*r - 3*a - 20 = 0, -5*a - 28 = -0*r - 4*r. Suppose -r*l + 3 = -3*l. Let y(m) = -m + 3. What are the prime factors of y(l)?
2, 3
What are the prime factors of 126/(-8)*((-352)/24)/11?
3, 7
Let y be (-2)/(-36)*3*3*-538. Let k = -120 - y. List the prime factors of k.
149
Let u(n) be the second derivative of 2*n**5/5 - n**4/4 + n**3/6 + 7*n**2/2 + 16*n. What are the prime factors of u(3)?
199
Let h = 3618 - 2077. What are the prime factors of h?
23, 67
Let p = 393 + -35. What are the prime factors of p?
2, 179
What are the prime factors of (60/(-35))/((-4)/14)?
2, 3
Let v = 3280 - 2228. List the prime factors of v.
2, 263
Suppose 4*c - 11*c + 1057 = 0. Suppose -3*x - r = -429, 0*x + x = -3*r + c. List the prime factors of x.
2, 71
List the prime factors of (-6)/(15/5)*-38.
2, 19
Let j = 454 + 486. What are the prime factors of j?
2, 5, 47
Suppose 46 = -3*h + 2*k, 4*k + 12 = -3*h - 4. List the prime factors of (-1)/(16/h